{"id":167,"date":"2013-03-19T09:09:43","date_gmt":"2013-03-19T09:09:43","guid":{"rendered":"http:\/\/ferien-rhoen.de\/?page_id=167"},"modified":"2017-03-12T10:07:14","modified_gmt":"2017-03-12T10:07:14","slug":"infolinks","status":"publish","type":"page","link":"https:\/\/ferien-rhoen.de\/index.php\/infolinks\/","title":{"rendered":"Infolinks"},"content":{"rendered":"<p><strong>F\u00fcr vertiefende Informationen \u00fcber die Rh\u00f6n und Fulda sowie Aktionen und Freizeitangebote (Adresse, \u00d6ffnungszeiten) geben wir Ihnen nachfolgend zus\u00e4tzliche Informationslinks<\/strong>.<\/p>\n<p>Weitere Wikipediainformationen zu Sehensw\u00fcrdigkeiten finden Sie auf der Seite <a title=\"Willkommen in der Rh\u00f6n\" href=\"http:\/\/ferien-rhoen.de\/willkommen-in-der-rhon\/\" target=\"_blank\">Willkommen in der Rh\u00f6n <\/a><\/p>\n<p>Infostellen<\/p>\n<ul>\n<li style=\"text-align: left;\">&nbsp;<a href=\"http:\/\/rhoen.de\" target=\"_blank\">rhoen.de&nbsp;<\/a><\/li>\n<li>&nbsp;<a href=\"http:\/\/rhoen.info\" target=\"_blank\">rhoen.info&nbsp;&nbsp;&nbsp;&nbsp;&nbsp;&nbsp;&nbsp;&nbsp;&nbsp;&nbsp;&nbsp;<\/a><\/li>\n<li>&nbsp;<a href=\"http:\/\/biosphaerenreservat-rhoen.de\" target=\"_blank\">biosh\u00e4renreservat Rh\u00f6n<\/a><a href=\"http:\/\/rhoen.info\" target=\"_blank\">&nbsp;&nbsp;&nbsp;&nbsp;&nbsp;<\/a><\/li>\n<li>&nbsp;<a href=\"http:\/\/rhoenline.de\" target=\"_blank\">rhoenline.de<\/a><\/li>\n<li>&nbsp;<a href=\"http:\/\/rhoentourist.de\" target=\"_blank\">rhoentourist.de<\/a><\/li>\n<li>&nbsp;<a href=\"http:\/\/rhoentravel.de\" target=\"_blank\">rhoentravel.de<\/a><\/li>\n<li><a href=\"http:\/\/www.rhoenfuehrer.de\" target=\"_blank\">rhoenfuehrer24.de<\/a><\/li>\n<li>&nbsp;<a href=\"http:\/\/tourismus-fulda.de\" target=\"_blank\">tourismus-fulda.de<\/a><a href=\"http:\/\/rhoen.info\" target=\"_blank\">&nbsp;&nbsp;&nbsp;&nbsp;<\/a><a href=\"http:\/\/rhoen.info\" target=\"_blank\">&nbsp;<\/a><\/li>\n<li>&nbsp;<a href=\"http:\/\/portal-rhoen.de\/ausflug\" target=\"_blank\">portal-rhoen.de<\/a><\/li>\n<\/ul>\n<p>Wandern<\/p>\n<ul>\n<li><a href=\"http:\/\/rhoenseite.de\" target=\"_blank\">rhoenseite.de<\/a><\/li>\n<li><a href=\"http:\/\/regioausflug.de\/rhoen\" target=\"_blank\">regioausflug.de\/<\/a><\/li>\n<li><a href=\"http:\/\/rhoenklub.de\">rhoenklub.de<\/a><\/li>\n<li><a href=\"http:\/\/rhoenklub-dipperz.de\">rhoenklub-dipperz.de<\/a><br \/>\n<a href=\"http:\/\/rhoen-adventures.de\" target=\"_blank\">rhoen-adventures.de<br \/>\n<\/a><a href=\"http:\/\/rh\u00f6nf\u00fchrer.de\" target=\"_blank\">rh\u00f6nf\u00fchrer.de <\/a><\/li>\n<\/ul>\n<ul>\n<li><a href=\"http:\/\/bergsportschule-rhoen.de\" target=\"_blank\">bergsportschule-rhoen.de<\/a><\/li>\n<li><a href=\"http:\/\/www.kletterzentrum-fulda.de\" target=\"_blank\">kletterzentrum-fulda.de<\/a><\/li>\n<li><a href=\"http:\/\/www,rhoen-adventures.de\" target=\"_blank\">rhoen-aktivit\u00e4ten<\/a><\/li>\n<li><a href=\"http:\/\/milseburgradweg.de\" target=\"_blank\">milseburgradweg.de<\/a><\/li>\n<li><a href=\"http:\/\/www.milseburgweg.de\" target=\"_blank\">milseburgweg.de<\/a><\/li>\n<li><a href=\"http:\/\/radsport-rhoen.de\/hochrhoen-radweg.html\" target=\"_blank\">Radtouren<\/a><\/li>\n<li><a href=\"http:\/\/rhoenlamas.de\" target=\"_blank\">Wandern mit Lamas<\/a><\/li>\n<li><a href=\"http:\/\/nordic-plus.de\" target=\"_blank\">Nordic Walking <\/a><\/li>\n<li><a href=\"http:\/\/www.schrehardt.de\" target=\"_blank\">Quadrundtouren\n<p><\/a><\/li>\n<\/ul>\n<p>Segel-\/Motorflug<\/p>\n<ul>\n<li><a href=\"http:\/\/www.acr-fulda.de\" target=\"_blank\">Aero Club Rh\u00f6n &#8211; Fulda<\/a><\/li>\n<li><a href=\"http:\/\/www.segelflugmuseum.de\" target=\"_blank\">Segelflugmuseum<\/a><\/li>\n<li><a href=\"http:\/\/flugcenter-wasserkuppe.de\" target=\"_blank\">Flugcenter-wasserkuppe.de<\/a><\/li>\n<li><a href=\"http:\/\/www.fliegerschule-wasserkuppe.de\" target=\"_blank\">Fliegerschule-sasserkuppe.de<\/a><\/li>\n<li><a href=\"http:\/\/www.rhoenflug-gersfeld.de\" target=\"_blank\">Rh\u00f6nflug-gersfeld.de<\/a><\/li>\n<li><a href=\"http:\/\/wasserkuppe.com\" target=\"_blank\">Drachenflug, Paragliding, Snowkiting<\/a><\/li>\n<\/ul>\n<p>Winter<\/p>\n<ul>\n<li><a href=\"http:\/\/rhoen-wintersport.de\" target=\"_blank\">rhoen-wintersport.de<\/a><\/li>\n<li><a href=\"http:\/\/loipenpark.de\" target=\"_blank\">loipenpark.de<\/a><\/li>\n<li><a href=\"http:\/\/skilifte-wasserkuppe.de\" target=\"_blank\">Skilifte-Wasserkuppe.de <\/a><\/li>\n<li><a href=\"http:\/\/rhoen-yeti.de\" target=\"_blank\">Scheeschuhwandern rhoen-yeti.de<\/a><\/li>\n<li><a href=\"http:\/\/www.zuckerfeld.de\" target=\"_blank\">Skilift Zuckerfeld<\/a><\/li>\n<li><a href=\"http:\/\/www.ski-club-hanau.de\/skizentrum-simmelsberg\/\" target=\"_blank\">Skilift Simmelsberg<\/a><\/li>\n<li><a href=\"http:\/\/www.skilifte-kreuzberg.de\" target=\"_blank\">Skilift Kreuzberg <\/a><\/li>\n<\/ul>\n<p>Sonstiges\/Sehenw\u00fcrdigkeiten<\/p>\n<ul>\n<li><a href=\"http:\/\/pointalpha.com\" target=\"_blank\">pointalpha.com <\/a>(Gedenkst\u00e4tte US-Grenzstation)<\/li>\n<li><a href=\"http:\/\/wasserkuppe-rhoen.de\" target=\"_blank\">wasserkuppe-rhoen.de<\/a><\/li>\n<li><a href=\"http:\/\/radom-wasserkuppe.de\" target=\"_blank\">radom-wasserkuppe (ehem. Radarstation)<\/a><\/li>\n<li><a href=\"http:\/\/schloss-fasanerie.de\" target=\"_blank\">schloss-fasanerie.de<\/a><\/li>\n<li><a href=\"http:\/\/kreuzbergbier.de\" target=\"_blank\">kreuzbergbier.de<\/a><\/li>\n<li><a href=\"http:\/\/lebendige-kirchenburg.de\" target=\"_blank\">Kirchenburg Ostheim <\/a><\/li>\n<li><a href=\"http:\/\/tann-rhoen.de\" target=\"_blank\">Museumsdorf Tann <\/a><\/li>\n<li><a href=\"http:\/\/freilandmuseum-fladungen.de\" target=\"_blank\">Museumsdorf Fladungen <\/a><\/li>\n<li><a href=\"http:\/\/st-peter.de\" target=\"_blank\">Probsteikirche St. Lioba<\/a><\/li>\n<li><a href=\"http:\/\/www.golfclub-fulda.de\" target=\"_blank\">Golfclub Rh\u00f6n, Hofbieber<\/a><\/li>\n<li><a href=\"http:\/\/www.praforst.de\" target=\"_blank\">Golfklub Praforst<\/a><\/li>\n<li><a href=\"http:\/\/www.gc-lauterbach.de\" target=\"_blank\">Golfklub Lauterbach<\/a><\/li>\n<li><a href=\"http:\/\/www.bistum-fulda.de\" target=\"_blank\">bistum-fulda.de<\/a><\/li>\n<li><a href=\"http:\/\/kultur-fulda.de\" target=\"_blank\">kultur-fulda.de<\/a><\/li>\n<li><a href=\"http:\/\/dfm-fulda.de\" target=\"_blank\">Feuerwehrmuseum Fulda <\/a><\/li>\n<li><a href=\"http:\/\/www.kultur-fulda.de\/Stadtschloss\/\" target=\"_blank\">Stadtschloss Fulda<\/a><\/li>\n<li><a href=\"http:\/\/siebenwelten.de\" target=\"_blank\">Erlebnisbad K\u00fcnzell<\/a><\/li>\n<li><a href=\"http:\/\/www.tabakpfeifenmuseum.de\" target=\"_blank\">tabakpfeifenmuseum.de <\/a><\/li>\n<li><a href=\"http:\/\/kleinsassen.de\/akt\/\" target=\"_blank\">Kunststation Kleinsasssen<\/a><\/li>\n<li><a href=\"http:\/\/www.pfunds-museum.de\" target=\"_blank\">Pfundsmuseum Kleinsassen<\/a>&nbsp;(Gewichte, Waagen etc)<\/li>\n<li><a href=\"http:\/\/www.fohlenweide.de\/naturlehrgarten-fohlenweide\/\" target=\"_blank\">Naturlehrgarten Fohlenweide<\/a><\/li>\n<li><a href=\"http:\/\/zuse-museum-huenfeld.de\" target=\"_blank\">Zuse Museum (Computererfinder<\/a>)<\/li>\n<li><a href=\"http:\/\/www.erlebnisbergwerk.de\" target=\"_blank\">Erlebnisbergwerk Merkers<\/a><\/li>\n<li><a href=\"http:\/\/www.eisenach.de\" target=\"_blank\">Eisenach<\/a><\/li>\n<li><a href=\"http:\/\/www.meiningen.de\" target=\"_blank\">Meiningen <\/a><\/li>\n<\/ul>\n<p>Kindererlebnisse<\/p>\n<ul>\n<li><a href=\"http:\/\/rhoenraeuberpark.de\" target=\"_blank\">rhoenrauberpark.de <\/a><\/li>\n<li><a href=\"http:\/\/www.sommerrodelbahnen-wasserkuppe.de\" target=\"_blank\">Sommerrodelbahnen<\/a><\/li>\n<li><a href=\"http:\/\/takka-tukka.com\" target=\"_blank\">Kinderabenteuerland<\/a><\/li>\n<li><a href=\"http:\/\/kanu-club-fulda.de\" target=\"_blank\">kanu-club-fulda.de<\/a><\/li>\n<li><a href=\"http:\/\/kaf.de\" target=\"_blank\">Kinderakademie mit begehbarem Herz <\/a><\/li>\n<li><a href=\"http:\/\/mushing-tours.de\" target=\"_blank\">mushing-tours.de<\/a><\/li>\n<li><a href=\"http:\/\/nolimit-kartbahn.de\" target=\"_blank\">Indoor Gokartbahn Fulda<\/a><\/li>\n<li><a href=\"http:\/\/barfusserlebnispfad.de\" target=\"_blank\">Barfusserlebnispfad.de<\/a><\/li>\n<li><a href=\"http:\/\/www.wildpark-gersfeld.de\" target=\"_blank\">Wildpark Gersfeld<\/a><\/li>\n<li><a href=\"http:\/\/www.schaeferei-weckbach.de\" target=\"_blank\">Sch\u00e4ferei Weckbach<\/a><\/li>\n<li><a href=\"http:\/\/www.sandsteinhoehle.de\" target=\"_blank\">M\u00e4rchenh\u00f6hle Walldorf<\/a><\/li>\n<\/ul>\n<p>Ausflugsgastronomie<\/p>\n<ul>\n<li><a href=\"http:\/\/www.rhoenerlebnis.de\" target=\"_blank\">Schaukelterei<\/a><\/li>\n<li><a href=\"http:\/\/www.guckai-stuben.de\" target=\"_blank\">Guckaistuben<\/a><\/li>\n<li><a href=\"http:\/\/www.enzianhuette-rhoen.de\" target=\"_blank\">Enzianh\u00fctte <\/a><\/li>\n<li><a href=\"http:\/\/www.hausamrotenmoor.de\" target=\"_blank\">Haus am Roten Moor<\/a><\/li>\n<li><a href=\"http:\/\/www.milseburghuette.com\" target=\"_blank\">Milseburgh\u00fctte<\/a><\/li>\n<li><a href=\"http:\/\/www.berghuette-simmelsberg.de\" target=\"_blank\">Bergh\u00fctte Simmelsberg<\/a><\/li>\n<li><a href=\"http:\/\/www.sennhuette-rhoen.de\" target=\"_blank\">Sennh\u00fctte<\/a><\/li>\n<li><a href=\"http:\/\/www.holzberghof.de\" target=\"_blank\">Jagdschloss Holzberghof<\/a><\/li>\n<li><a href=\"http:\/\/www.rhoenhaeuschen.de\" target=\"_blank\">Rh\u00f6nh\u00e4uschen<\/a><\/li>\n<li><a href=\"http:\/\/www.thueringer-rhoenhaus.de\" target=\"_blank\">Th\u00fcringer Rh\u00f6nhaus <\/a><\/li>\n<li><a href=\"http:\/\/www.eisenacher-haus.de\" target=\"_blank\">Eisenacher Haus <\/a><\/li>\n<\/ul>\n<p>&nbsp;<\/p>\n<p>&nbsp;<\/p>\n<p>&nbsp;<\/p>\n","protected":false},"excerpt":{"rendered":"<p>F\u00fcr vertiefende Informationen \u00fcber die Rh\u00f6n und Fulda sowie Aktionen und Freizeitangebote (Adresse, \u00d6ffnungszeiten) geben wir Ihnen nachfolgend zus\u00e4tzliche Informationslinks. Weitere Wikipediainformationen zu Sehensw\u00fcrdigkeiten finden Sie auf der Seite Willkommen in der Rh\u00f6n Infostellen &nbsp;rhoen.de&nbsp; &nbsp;rhoen.info&nbsp;&nbsp;&nbsp;&nbsp;&nbsp;&nbsp;&nbsp;&nbsp;&nbsp;&nbsp;&nbsp; &nbsp;biosh\u00e4renreservat Rh\u00f6n&nbsp;&nbsp;&nbsp;&nbsp;&nbsp; &nbsp;rhoenline.de &nbsp;rhoentourist.de &hellip; <a href=\"https:\/\/ferien-rhoen.de\/index.php\/infolinks\/\">Weiterlesen <span class=\"meta-nav\">&rarr;<\/span><\/a><\/p>\n","protected":false},"author":1,"featured_media":0,"parent":0,"menu_order":0,"comment_status":"closed","ping_status":"closed","template":"","meta":{"ngg_post_thumbnail":0,"footnotes":""},"class_list":["post-167","page","type-page","status-publish","hentry"],"_links":{"self":[{"href":"https:\/\/ferien-rhoen.de\/index.php\/wp-json\/wp\/v2\/pages\/167","targetHints":{"allow":["GET"]}}],"collection":[{"href":"https:\/\/ferien-rhoen.de\/index.php\/wp-json\/wp\/v2\/pages"}],"about":[{"href":"https:\/\/ferien-rhoen.de\/index.php\/wp-json\/wp\/v2\/types\/page"}],"author":[{"embeddable":true,"href":"https:\/\/ferien-rhoen.de\/index.php\/wp-json\/wp\/v2\/users\/1"}],"replies":[{"embeddable":true,"href":"https:\/\/ferien-rhoen.de\/index.php\/wp-json\/wp\/v2\/comments?post=167"}],"version-history":[{"count":0,"href":"https:\/\/ferien-rhoen.de\/index.php\/wp-json\/wp\/v2\/pages\/167\/revisions"}],"wp:attachment":[{"href":"https:\/\/ferien-rhoen.de\/index.php\/wp-json\/wp\/v2\/media?parent=167"}],"curies":[{"name":"wp","href":"https:\/\/api.w.org\/{rel}","templated":true}]}}