{"id":180,"date":"2013-03-19T09:11:01","date_gmt":"2013-03-19T09:11:01","guid":{"rendered":"http:\/\/ferien-rhoen.de\/?page_id=180"},"modified":"2016-04-18T07:19:05","modified_gmt":"2016-04-18T07:19:05","slug":"wandern","status":"publish","type":"page","link":"https:\/\/ferien-rhoen.de\/index.php\/wandern\/","title":{"rendered":"Wandern"},"content":{"rendered":"<p><span style=\"color: #000000;\">Liebe Wanderfreunde, <\/span><\/p>\n<p><span style=\"color: #000000;\">hiermit geben wir Ihnen einen Teilausschnitt aus den vielf\u00e4ltigen Wanderm\u00f6glichkeiten in der Rh\u00f6n.<span style=\"font-size: medium;\"><span style=\"font-family: Arial;\">\u00a0 <\/span><\/span><\/span><\/p>\n<div id=\"attachment_145\" style=\"width: 430px\" class=\"wp-caption aligncenter\"><a href=\"http:\/\/ferien-rhoen.de\/ferienhauser-wohnungen\/wasserkuppenblick\/\" rel=\"attachment wp-att-145\"><img loading=\"lazy\" decoding=\"async\" aria-describedby=\"caption-attachment-145\" class=\"size-full wp-image-145 \" alt=\"Wasserkuppenblick\" src=\"http:\/\/ferien-rhoen.de\/wp-content\/uploads\/2013\/03\/Wasserkuppenblick.jpg\" width=\"420\" height=\"280\" srcset=\"https:\/\/ferien-rhoen.de\/wp-content\/uploads\/2013\/03\/Wasserkuppenblick.jpg 420w, https:\/\/ferien-rhoen.de\/wp-content\/uploads\/2013\/03\/Wasserkuppenblick-300x200.jpg 300w\" sizes=\"auto, (max-width: 420px) 100vw, 420px\" \/><\/a><p id=\"caption-attachment-145\" class=\"wp-caption-text\">Blick auf die Rh\u00f6n das &#8222;Land der offenen Fernen&#8220;<\/p><\/div>\n<p style=\"text-align: center;\"><span style=\"color: #000000;\">Von 82 Wanderparkparkpl\u00e4tzen gehen 212 ausgeschilderte Rundwanderstrecken a<\/span><span style=\"color: #000000;\">us.<\/span><span style=\"font-size: medium;\"><span style=\"color: #000000; font-family: Arial;\">\u00a0 <\/span><span style=\"color: #000000;\">Dar\u00fcber hinaus finden Sie viele Streckenwanderwege des Rh\u00f6nklub, den Premiumweg \u201eDer Hochrh\u00f6ner\u201c und den 20<\/span><\/span><span style=\"font-size: medium;\"><span style=\"color: #000000; font-family: Arial;\">\u00a0 <\/span><span style=\"color: #000000;\">Extratouren. Insgesamt bel\u00e4uft sich das Wanderwegenetz auf rd. 7.000 km. <\/span><\/span><\/p>\n<p><span style=\"color: #000000;\">Kenner nennen die Rh\u00f6n die \u201eWanderwelt Nr. 1\u201c weil das \u201eLand der offenen Fernen\u201c einzigartige und unvergleichliche Blicke beim Wandern erm\u00f6glicht und die Vielfalt der Lebensr\u00e4ume wie Obstwiesen und Hecken, Kalkmagerrasen mit Silberdisteln und Orchideen, Hochmoore, Basaltblockhalden, Almweiden und stille Seen<\/span><span style=\"font-size: medium;\"><span style=\"color: #000000; font-family: Arial;\">\u00a0 <\/span><span style=\"color: #000000;\">die Rh\u00f6n zum Erlebnis f\u00fcr die Sinne macht. <\/span><\/span><\/p>\n<p><span style=\"font-size: medium;\"><span style=\"color: #000000;\"><span style=\"font-family: Arial;\">Wir w\u00fcnschen Ihnen gute Erholung fernab von Hektik und Trubel in unserer einzigartigen Landschaft.<\/span><\/span><\/span><\/p>\n<p><a href=\"http:\/\/ferien-rhoen.de\/landschaft-rhon\/fruhjahr-dipperz\/\" rel=\"attachment wp-att-84\"><img loading=\"lazy\" decoding=\"async\" class=\" wp-image-84 alignleft\" style=\"width: 135px;\" alt=\"Fr\u00fchjahr Dipperz\" src=\"http:\/\/ferien-rhoen.de\/wp-content\/uploads\/2013\/03\/Fr\u00fchjahr-Dipperz.jpg\" width=\"131\" height=\"194\" \/><\/a><\/p>\n<p><a title=\"Um Dipperz\" href=\"http:\/\/ferien-rhoen.de\/um-dipperz\/\" target=\"_blank\">Wanderstrecken in Dipperz<\/a><\/p>\n<p><a title=\"In der Rh\u00f6n\" href=\"http:\/\/ferien-rhoen.de\/in-der-rhon\/\" target=\"_blank\">Wanderstrecken in der Rh\u00f6n<\/a><\/p>\n","protected":false},"excerpt":{"rendered":"<p>Liebe Wanderfreunde, hiermit geben wir Ihnen einen Teilausschnitt aus den vielf\u00e4ltigen Wanderm\u00f6glichkeiten in der Rh\u00f6n.\u00a0 Von 82 Wanderparkparkpl\u00e4tzen gehen 212 ausgeschilderte Rundwanderstrecken aus.\u00a0 Dar\u00fcber hinaus finden Sie viele Streckenwanderwege des Rh\u00f6nklub, den Premiumweg \u201eDer Hochrh\u00f6ner\u201c und den 20\u00a0 Extratouren. Insgesamt &hellip; <a href=\"https:\/\/ferien-rhoen.de\/index.php\/wandern\/\">Weiterlesen <span class=\"meta-nav\">&rarr;<\/span><\/a><\/p>\n","protected":false},"author":1,"featured_media":0,"parent":0,"menu_order":0,"comment_status":"closed","ping_status":"closed","template":"","meta":{"ngg_post_thumbnail":0,"footnotes":""},"class_list":["post-180","page","type-page","status-publish","hentry"],"_links":{"self":[{"href":"https:\/\/ferien-rhoen.de\/index.php\/wp-json\/wp\/v2\/pages\/180","targetHints":{"allow":["GET"]}}],"collection":[{"href":"https:\/\/ferien-rhoen.de\/index.php\/wp-json\/wp\/v2\/pages"}],"about":[{"href":"https:\/\/ferien-rhoen.de\/index.php\/wp-json\/wp\/v2\/types\/page"}],"author":[{"embeddable":true,"href":"https:\/\/ferien-rhoen.de\/index.php\/wp-json\/wp\/v2\/users\/1"}],"replies":[{"embeddable":true,"href":"https:\/\/ferien-rhoen.de\/index.php\/wp-json\/wp\/v2\/comments?post=180"}],"version-history":[{"count":0,"href":"https:\/\/ferien-rhoen.de\/index.php\/wp-json\/wp\/v2\/pages\/180\/revisions"}],"wp:attachment":[{"href":"https:\/\/ferien-rhoen.de\/index.php\/wp-json\/wp\/v2\/media?parent=180"}],"curies":[{"name":"wp","href":"https:\/\/api.w.org\/{rel}","templated":true}]}}

<p><span style="color: #000000;">Liebe Wanderfreunde, </span></p>
<p><span style="color: #000000;">hiermit geben wir Ihnen einen Teilausschnitt aus den vielfältigen Wandermöglichkeiten in der Rhön.<span style="font-size: medium;"><span style="font-family: Arial;">  </span></span></span></p>
<div id="attachment_145" style="width: 430px" class="wp-caption aligncenter"><a href="http://ferien-rhoen.de/ferienhauser-wohnungen/wasserkuppenblick/" rel="attachment wp-att-145"><img loading="lazy" decoding="async" aria-describedby="caption-attachment-145" class="size-full wp-image-145 " alt="Wasserkuppenblick" src="http://ferien-rhoen.de/wp-content/uploads/2013/03/Wasserkuppenblick.jpg" width="420" height="280" srcset="https://ferien-rhoen.de/wp-content/uploads/2013/03/Wasserkuppenblick.jpg 420w, https://ferien-rhoen.de/wp-content/uploads/2013/03/Wasserkuppenblick-300x200.jpg 300w" sizes="auto, (max-width: 420px) 100vw, 420px" /></a><p id="caption-attachment-145" class="wp-caption-text">Blick auf die Rhön das &#8222;Land der offenen Fernen&#8220;</p></div>
<p style="text-align: center;"><span style="color: #000000;">Von 82 Wanderparkparkplätzen gehen 212 ausgeschilderte Rundwanderstrecken a</span><span style="color: #000000;">us.</span><span style="font-size: medium;"><span style="color: #000000; font-family: Arial;">  </span><span style="color: #000000;">Darüber hinaus finden Sie viele Streckenwanderwege des Rhönklub, den Premiumweg „Der Hochrhöner“ und den 20</span></span><span style="font-size: medium;"><span style="color: #000000; font-family: Arial;">  </span><span style="color: #000000;">Extratouren. Insgesamt beläuft sich das Wanderwegenetz auf rd. 7.000 km. </span></span></p>
<p><span style="color: #000000;">Kenner nennen die Rhön die „Wanderwelt Nr. 1“ weil das „Land der offenen Fernen“ einzigartige und unvergleichliche Blicke beim Wandern ermöglicht und die Vielfalt der Lebensräume wie Obstwiesen und Hecken, Kalkmagerrasen mit Silberdisteln und Orchideen, Hochmoore, Basaltblockhalden, Almweiden und stille Seen</span><span style="font-size: medium;"><span style="color: #000000; font-family: Arial;">  </span><span style="color: #000000;">die Rhön zum Erlebnis für die Sinne macht. </span></span></p>
<p><span style="font-size: medium;"><span style="color: #000000;"><span style="font-family: Arial;">Wir wünschen Ihnen gute Erholung fernab von Hektik und Trubel in unserer einzigartigen Landschaft.</span></span></span></p>
<p><a href="http://ferien-rhoen.de/landschaft-rhon/fruhjahr-dipperz/" rel="attachment wp-att-84"><img loading="lazy" decoding="async" class=" wp-image-84 alignleft" style="width: 135px;" alt="Frühjahr Dipperz" src="http://ferien-rhoen.de/wp-content/uploads/2013/03/Frühjahr-Dipperz.jpg" width="131" height="194" /></a></p>
<p><a title="Um Dipperz" href="http://ferien-rhoen.de/um-dipperz/" target="_blank">Wanderstrecken in Dipperz</a></p>
<p><a title="In der Rhön" href="http://ferien-rhoen.de/in-der-rhon/" target="_blank">Wanderstrecken in der Rhön</a></p>

<p>Liebe Wanderfreunde, hiermit geben wir Ihnen einen Teilausschnitt aus den vielfältigen Wandermöglichkeiten in der Rhön.  Von 82 Wanderparkparkplätzen gehen 212 ausgeschilderte Rundwanderstrecken aus.  Darüber hinaus finden Sie viele Streckenwanderwege des Rhönklub, den Premiumweg „Der Hochrhöner“ und den 20  Extratouren. Insgesamt &hellip; <a href="https://ferien-rhoen.de/index.php/wandern/">Weiterlesen <span class="meta-nav">&rarr;</span></a></p>
