{"id":191,"date":"2013-03-19T09:05:43","date_gmt":"2013-03-19T09:05:43","guid":{"rendered":"http:\/\/ferien-rhoen.de\/?page_id=191"},"modified":"2016-04-18T07:19:46","modified_gmt":"2016-04-18T07:19:46","slug":"wetter","status":"publish","type":"page","link":"https:\/\/ferien-rhoen.de\/index.php\/wetter\/","title":{"rendered":"Wetter"},"content":{"rendered":"<p><!-- wetter.com button 728x90--><\/p>\n<div id=\"wettercom-button-f5c1abac5589dbb8a597e943dc38c656\">\t<link id=\"wettercom-css\" href=\"http:\/\/www.wetter.com\/css\/woys3.1.css?40240,f5c1abac5589dbb8a597e943dc38c656\" rel=\"stylesheet\" type=\"text\/css\" \/>\n<div id=\"wettercom-woys-f5c1abac5589dbb8a597e943dc38c656\"><\/div>\n<div id=\"wettercom-search\">\n<form id=\"wettercom-form\" action=\"http:\/\/www.wetter.com\/suche\" method=\"get\" target=\"_blank\">\n<div id=\"wettercom-form-label\"><label for=\"wettercom-form-city\">Suche<\/label><\/div>\n<div id=\"wettercom-form-input\"><input id=\"wettercom-form-city\" type=\"text\" name=\"search\" value=\"PLZ oder Stadt\" onfocus=\"this.value=''\" \/><br \/>\n<button id=\"wettercom-form-submit\" type=\"submit\"><img decoding=\"async\" alt=\"submit\" src=\"http:\/\/www.wetter.com\/img\/websitetools\/woys\/submit.gif\" \/><\/button><\/div>\n<\/form>\n<\/div>\n<div id=\"wettercom-brand\"><a id=\"wettercom-link\" href=\"http:\/\/www.wetter.com\" target=\"_blank\"><br \/>\n<span id=\"wettercom-more\"><\/span><br \/>\n<img decoding=\"async\" id=\"wettercom-logo\" title=\"wetter.com\" alt=\"wetter.com\" src=\"http:\/\/www.wetter.com\/img\/websitetools\/woys\/logo.png\" \/><br \/>\n<\/a><\/div>\n<div id=\"wettercom-clear\"><\/div>\n<div id=\"wettercom-title\"><a id=\"wettercom-citylink\" title=\"Wetter Dipperz\" href=\"http:\/\/www.wetter.com\/wetter_aktuell\/wettervorhersage\/3_tagesvorhersage\/?id=DE0002142\" target=\"_blank\">Wetter Dipperz<\/a><\/div>\n<\/div>\n<p><!-- wetter.com button 728x90--><br \/>\n<strong>Auszug aus dem amtlichen Gutachten vom 21.4.1989<\/strong><br \/>\n<strong> zur Klimabeurteilung im Erholungsort Dipperz-Friesenhausen<\/strong><\/p>\n<p><span style=\"text-decoration: underline;\">Lagebeschreibung<\/span>:<\/p>\n<p>Am Fu\u00dfe des Westrandes der Hohen\u00a0 Rh\u00f6n liegen FRIESENHAUSEN und\u00a0 D\u00d6RMBACH<br \/>\nin einem weiten Tal in einer H\u00f6he zwischen 410 und 460 m \u00fcber NN.\u00a0\u00a0 Die Orte sind<br \/>\numgeben von Kuppen, die H\u00f6hen zwischen 500 und 700 m \u00fcber NN erreichen.<\/p>\n<p>Rauch- und stauberzeugende Industrie gibt es in den beiden Orten nicht, auch<br \/>\nweisen die durch die Orte f\u00fchrenden Stra\u00dfen wenig Verkehr auf.<\/p>\n<p>In der Wald- und Wiesenlandschaft bieten sich viele M\u00f6glichkeiten f\u00fcr erholsame<br \/>\nSpazierg\u00e4nge und Wanderungen.<\/p>\n<p><span style=\"text-decoration: underline;\">Klimabeschreibung:<\/span><\/p>\n<p>Die Lage von FRIESENHAUSEN und D\u00d6RMBACH bedingt Windschutz von Nordosten<br \/>\nbis S\u00fcden. Aber auch aus den anderen Richtungen erreicht der Wind durch vorgelagerte Waldst\u00fccke nur abgeschw\u00e4cht die Orte. Bei windschwachen Strahlungswetterlagen kann die im Ortsbereich w\u00e4hrend der Nacht entstehende Kaltluft talw\u00e4rts flie\u00dfen, so dass sich kaum Nebel bildet.<\/p>\n<p>Geschlossene Schneedecke an 50 &#8211; 55 Tagen im Jahr (Schneearmer Winter 40 Tage<br \/>\npro Jahr, in schneereichen Wintern an 95 Tagen\/Jahr).<\/p>\n<p>FRIESENHAUSEN und D\u00d6RMBACH liegen in der \u00dcbergangszone zwischen der nieder<br \/>\nschlagsarmen Fulda-Niederung im Westen mit weniger als 600 mm und der Wasser<br \/>\nkuppe mit mehr als 1100 mm Jahresniederschlag.<br \/>\nF\u00fcr die beiden Orte gilt eine mittlere Jahresh\u00f6he des Niederschlags von 700 mm.<\/p>\n<p><span style=\"text-decoration: underline;\">Bioklimatische Hinweise<\/span>:<\/p>\n<p>Durch die H\u00f6hen- und Hanglage sind in FRIESENHAUSEN und D\u00d6RMBACH die<br \/>\nVorz\u00fcge des Mittelgebirgsklimas wie Luftreinheit, erh\u00f6hter Strahlungsgenu\u00df,<br \/>\nkeine Luftstagnation und keine W\u00e4rme- bzw. Schw\u00fclebelastung vorhanden.<\/p>\n<p>Da die Orte nach allen Seiten Windschutz genie\u00dfen, herrscht in FRIESENHAUSEN<br \/>\nund D\u00d6RMBACH\u00a0 ein\u00a0 REIZMILDES BIOKLIMA\u00a0 vor, das durch ein erniedrigtes<br \/>\nTemperaturniveau und seltenes Auftreten von Nebel gekennzeichnet ist.<\/p>\n<p>F\u00fcr Naturliebhaber, Wanderer und Ruhe suchende Ferieng\u00e4ste sind FRIESENHAUSEN<br \/>\nund D\u00d6RMBACH ideale Orte.<\/p>\n<p>Deutscher Wetterdienst<br \/>\nWetteramt Frankfurt\/M.<\/p>\n","protected":false},"excerpt":{"rendered":"<p>Suche Wetter Dipperz Auszug aus dem amtlichen Gutachten vom 21.4.1989 zur Klimabeurteilung im Erholungsort Dipperz-Friesenhausen Lagebeschreibung: Am Fu\u00dfe des Westrandes der Hohen\u00a0 Rh\u00f6n liegen FRIESENHAUSEN und\u00a0 D\u00d6RMBACH in einem weiten Tal in einer H\u00f6he zwischen 410 und 460 m \u00fcber &hellip; <a href=\"https:\/\/ferien-rhoen.de\/index.php\/wetter\/\">Weiterlesen <span class=\"meta-nav\">&rarr;<\/span><\/a><\/p>\n","protected":false},"author":1,"featured_media":0,"parent":0,"menu_order":0,"comment_status":"closed","ping_status":"closed","template":"","meta":{"ngg_post_thumbnail":0,"footnotes":""},"class_list":["post-191","page","type-page","status-publish","hentry"],"_links":{"self":[{"href":"https:\/\/ferien-rhoen.de\/index.php\/wp-json\/wp\/v2\/pages\/191","targetHints":{"allow":["GET"]}}],"collection":[{"href":"https:\/\/ferien-rhoen.de\/index.php\/wp-json\/wp\/v2\/pages"}],"about":[{"href":"https:\/\/ferien-rhoen.de\/index.php\/wp-json\/wp\/v2\/types\/page"}],"author":[{"embeddable":true,"href":"https:\/\/ferien-rhoen.de\/index.php\/wp-json\/wp\/v2\/users\/1"}],"replies":[{"embeddable":true,"href":"https:\/\/ferien-rhoen.de\/index.php\/wp-json\/wp\/v2\/comments?post=191"}],"version-history":[{"count":0,"href":"https:\/\/ferien-rhoen.de\/index.php\/wp-json\/wp\/v2\/pages\/191\/revisions"}],"wp:attachment":[{"href":"https:\/\/ferien-rhoen.de\/index.php\/wp-json\/wp\/v2\/media?parent=191"}],"curies":[{"name":"wp","href":"https:\/\/api.w.org\/{rel}","templated":true}]}}