{"id":378,"date":"2018-05-20T11:03:01","date_gmt":"2018-05-20T11:03:01","guid":{"rendered":"http:\/\/ferien-rhoen.de\/?page_id=378"},"modified":"2018-05-20T11:03:01","modified_gmt":"2018-05-20T11:03:01","slug":"wandertagestour-nr-6","status":"publish","type":"page","link":"https:\/\/ferien-rhoen.de\/index.php\/wandertagestour-nr-6\/","title":{"rendered":"Wandertagestour Nr. 6"},"content":{"rendered":"<p><strong>Herrliche Tageswanderung mit mehreren Rasth\u00e4usern&nbsp; zum Kletterfelsen Steinwand, zur Kunstmeile und zu den Phonolithbl\u00f6cken&nbsp; Teufelstein<\/strong><\/p>\n<p><b>Ca. 15,2 &nbsp;km,&nbsp; Gehzeit 4 \u00bd Stunden.<\/b><\/p>\n<p>Die Wanderung beginnt am &nbsp;Ferienpark Rh\u00f6n Residence und f\u00fchrt entlang dem &nbsp;Sportgel\u00e4nde nach Friesenhausen.&nbsp; Dort \u00fcberqueren wir die Stra\u00dfe beim Gasthof Breitung in Richtung D\u00f6rmbach. Links weiter geht es durch das Wohngebiet und freie Felder &nbsp;in \u00f6stlicher Richtung. Dann beginnt schon links der markierte Wanderweg Fuldaer Haus\/Maulkuppe.<\/p>\n<p>Bei der Gemarkung Finkm\u00fchle \u00fcberqueren wir die Bundesstra\u00dfe 458. Der Beschilderung folgend steigt der Weg stetig leicht an und f\u00fchrt bis zur Steinwand durch Buchen- und Fichtenwald. Der Weg ist ein fr\u00fcherer Grenzweg, der das K\u00f6nigreich Bayern und Hessen trennte. Die alten Grenzsteine sind noch zu sehen.<\/p>\n<p>Die Steinwand ist ein beliebter Kletterfelsen. Oft kann man den Sportlern beim Erklettern der steilen Wand zuschauen. Auf der R\u00fcckseite des steilen Felsens kann man aber auch als Wanderer \u00fcber ein Steinmeer die Spitze erklimmen und den Kletterfreaks von oben genau zuschauen bzw. die landschaftliche Sch\u00f6nheit der Felder und Weiler (vereinzelte Ansiedlungen-Bauernh\u00f6fe) betrachten.<\/p>\n<p>Beim Gasthaus Steinwand (ganzj\u00e4hrig ge\u00f6ffnet, Dienstag Ruhetag) f\u00fchrt der Weg links kurz am Hochrh\u00f6nring entlang. Dann weiter rechts \u00fcber einen geteerten Weg zur Maulkuppe.&nbsp; Von hier besteht ein guter Ausblick auf die umliegenden Kuppen der Rh\u00f6n.<\/p>\n<p>Damit haben wir das Ziel, das Fuldaer Haus des Rh\u00f6nklub erreicht ( ganzj\u00e4hrig ge\u00f6ffnet, Montag Ruhetag).&nbsp; Auf der H\u00f6he geht es weiter Richtung Grabenh\u00f6fchen (geteerter ebener Weg). Ca. 100 m vor dem Grabenh\u00f6fchen (Gastst\u00e4tte an der Bundesstrasse) biegen wir rechts ab und folgen der Beschilderung Richtung Teufelstein.<\/p>\n<p>Der Teufelstein ist 729 m hoch gelegen und besteht aus umliegend verstreuten Phonolithbl\u00f6cken, wie auch an der Steinwand.&nbsp; Vom Gipfel des Teufelsteins hat man einen herrlichen Rundblick zur Wasserkuppe (950 m), Milseburg (835 m) und \u00fcber das Fuldatal bis hin zum Vogelsberg.<\/p>\n<p>Dann f\u00fchrt der markierte Weg weiter abw\u00e4rts \u00fcber den Ziegelhof ( ganzj\u00e4hrig ge\u00f6ffnet, kein Ruhetag)&nbsp; und nach \u00dcberquerung der Bundesstra\u00dfe weiter Richtung Mooshecke.&nbsp; Oberhalb der Bundesstra\u00dfe geht es eben vorbei am Hof Mooshecke. Bei der Wegbiegung wandern wir rechts ab entsprechend der Beschilderung Friesenhausen\/D\u00f6rmbach. Nach 500 m links finden Sie die erste Hinweisbeschilderung auf die Rh\u00f6n Residence. An der n\u00e4chsten Wegebeschilderung links ab; die Rh\u00f6n Residence ist dann bereits sichtbar.<\/p>\n","protected":false},"excerpt":{"rendered":"<p>Herrliche Tageswanderung mit mehreren Rasth\u00e4usern&nbsp; zum Kletterfelsen Steinwand, zur Kunstmeile und zu den Phonolithbl\u00f6cken&nbsp; Teufelstein Ca. 15,2 &nbsp;km,&nbsp; Gehzeit 4 \u00bd Stunden. Die Wanderung beginnt am &nbsp;Ferienpark Rh\u00f6n Residence und f\u00fchrt entlang dem &nbsp;Sportgel\u00e4nde nach Friesenhausen.&nbsp; Dort \u00fcberqueren wir die &hellip; <a href=\"https:\/\/ferien-rhoen.de\/index.php\/wandertagestour-nr-6\/\">Weiterlesen <span class=\"meta-nav\">&rarr;<\/span><\/a><\/p>\n","protected":false},"author":1,"featured_media":0,"parent":0,"menu_order":0,"comment_status":"closed","ping_status":"closed","template":"","meta":{"ngg_post_thumbnail":0,"footnotes":""},"class_list":["post-378","page","type-page","status-publish","hentry"],"_links":{"self":[{"href":"https:\/\/ferien-rhoen.de\/index.php\/wp-json\/wp\/v2\/pages\/378","targetHints":{"allow":["GET"]}}],"collection":[{"href":"https:\/\/ferien-rhoen.de\/index.php\/wp-json\/wp\/v2\/pages"}],"about":[{"href":"https:\/\/ferien-rhoen.de\/index.php\/wp-json\/wp\/v2\/types\/page"}],"author":[{"embeddable":true,"href":"https:\/\/ferien-rhoen.de\/index.php\/wp-json\/wp\/v2\/users\/1"}],"replies":[{"embeddable":true,"href":"https:\/\/ferien-rhoen.de\/index.php\/wp-json\/wp\/v2\/comments?post=378"}],"version-history":[{"count":0,"href":"https:\/\/ferien-rhoen.de\/index.php\/wp-json\/wp\/v2\/pages\/378\/revisions"}],"wp:attachment":[{"href":"https:\/\/ferien-rhoen.de\/index.php\/wp-json\/wp\/v2\/media?parent=378"}],"curies":[{"name":"wp","href":"https:\/\/api.w.org\/{rel}","templated":true}]}}